ppose 0 = 2*a + 2*a - z. Calculate the greatest common divisor of 40 and a.
10
Suppose 2*q + 4 - 22 = 0. Let v(y) = y**3 - 10*y**2 + y + 10. Let n be v(q). Let m = 85 - n. Calculate the greatest common divisor of m and 21.
21
Suppose -224 + 4 = -44*a. What is the greatest common divisor of a and 2?
1
Let v be 2 + ((-3)/(-1))/1. Let o(i) = i**3 - 2*i + 2. Let c be o(0). Let q be v/((-10)/(-12))*c. What is the greatest common divisor of q and 84?
12
Let c = 171 + -141. Calculate the greatest common divisor of 90 and c.
30
Suppose -4*d - 8 = -8*d. Suppose 5*p - 97 = t, 0 = -d*p - 2*p + 4*t + 68. Suppose 0 = -6*u - 0*u + 1320. Calculate the greatest common factor of p and u.
20
Suppose -136 = 35*s - 661. What is the highest common factor of 40 and s?
5
Let i be 30/(-1) - 12/(-4). Let r = 32 + i. Suppose 130 - 450 = -r*w. What is the greatest common factor of 8 and w?
8
Suppose -57 - 27 = -3*n. Suppose 0 = 44*k - 47*k - 297. Let m = k + 103. What is the highest common factor of n and m?
4
Let g(z) = -5*z**3 - 3*z - 2. Let o be g(-1). Let p(j) = -4*j - 2. Let b be p(-2). Suppose b = 4*d - 114. Calculate the greatest common divisor of o and d.
6
Suppose -110*n + 117*n = 840. Calculate the greatest common divisor of 72 and n.
24
Suppose -2*w = 3*z - 109, 53 + 62 = 2*w + z. Suppose -11*q = -7 - w. What is the highest common factor of q and 12?
6
Suppose -2*n + 14 - 38 = 0. Let c = n + 17. What is the greatest common factor of 45 and c?
5
Suppose -r + 48 = 3*r. Suppose 3*a = -2*v + 6, -6*v - 4*a + 8 = -2*v. Suppose v = -3*w - 0*w + 396. Calculate the highest common divisor of r and w.
12
Suppose -5*a + 50 = -0. Suppose 0 = x - 5 - a. Suppose -123 - 2 = -c - 5*t, 0 = -t - 5. What is the highest common factor of x and c?
15
Let w = 968 - 404. Calculate the greatest common divisor of 47 and w.
47
Let f(b) = b**3 + 5*b**2 + b + 8. Let h be f(-5). Suppose -2*l = -h*l + 40. What is the highest common divisor of l and 10?
10
Suppose 2*h + 5*q - 61 - 50 = 0, -303 = -5*h - 4*q. Suppose 12*a + 9 = 13*a. What is the highest common factor of a and h?
9
Let k(r) = 79*r - 14. Let c be k(4). Suppose t - c = -3*v, -3*v + 140 = -4*t - 152. What is the greatest common divisor of v and 20?
20
Let m = -183 - -235. Calculate the greatest common factor of 156 and m.
52
Suppose -830 = 8*c - 134. Let d = -48 - c. What is the greatest common divisor of d and 78?
39
Let q be 2 + (-5 - -1) + 8. Let o be (2 - (-64)/(-20))/(4/(-10)). Calculate the greatest common factor of o and q.
3
Let b = 335 + -311. What is the greatest common divisor of b and 312?
24
Suppose 27 = 4*o + 7. Suppose 3*i - 52 = -t, -t + 68 = -i + o*i. Let v = 249 + -105. Calculate the highest common divisor of i and v.
16
Suppose 11*v - 957 - 957 = 0. Calculate the greatest common divisor of 12 and v.
6
Let a(k) = k**2 - 3*k + 6. Let y be (-28)/21*(-2 - 1). Suppose 0 = -y*w + 9*w - 25. Let d be a(w). What is the greatest common divisor of 2 and d?
2
Let i be 1/((1/(-8))/(8 - 10)). Calculate the highest common divisor of 180 and i.
4
Suppose -7*w + 4*w + 1680 = 0. Suppose -17*j + 13*j = -w. What is the greatest common divisor of 56 and j?
28
Let a(s) = 2*s**2 - 4*s**2 + 3*s**2 - 3*s - 4 + 4*s. Let m be a(-5). Suppose r + 3*p - 2 = 0, -r + p + 2 = -4*p. What is the highest common divisor of r and m?
2
Let y(p) = p - 5*p**3 - p**2 + 4*p**3 + 12 - 9. Let g be y(0). Suppose -g*a + 29 = -2*a + 5*x, 0 = 5*x. What is the greatest common factor of 29 and a?
29
Let q = -102 - -126. Let r = -74 - -143. Let t be r/12 - (-2)/8. Calculate the greatest common factor of q and t.
6
Suppose 0 = -11*r + 987 + 1158. What is the greatest common divisor of r and 39?
39
Suppose 1292 = 59*w - 21*w. What is the greatest common factor of w and 306?
34
Suppose 0*p - 40 = -10*p. Let m be (3 - (-228)/16)*p. Calculate the highest common divisor of m and 23.
23
Let g be -14*((-69)/21 - -3). Suppose g*o = 4*k - 4, -5*k + o + 17 = -8. Calculate the greatest common factor of k and 2.
2
Suppose -2*r - 236 = 3*u - 877, -318 = -r - 2*u. Calculate the greatest common divisor of 205 and r.
41
Let f be 1704*(-7 - (-138)/18). Calculate the greatest common divisor of f and 71.
71
Suppose 5*n - 1357 = -2*s, 0*n = -n + 4*s + 289. Suppose 0 = 2*o + 3*z - n, 5*o = o + z + 539. Calculate the greatest common divisor of 15 and o.
15
Let y(a) = 36*a**3 + 2*a**2 + a - 2. Let w be y(2). Calculate the greatest common factor of 8 and w.
8
Let q(z) = -z**3 + 8*z**2 + 3*z - 2. Let s be q(7). Let k = 74 - s. Calculate the highest common factor of k and 66.
6
Suppose 4*y + 2035 = -k + 2*k, k + y = 2010. Calculate the greatest common factor of 31 and k.
31
Suppose -9*p + 10 = -8*p. Suppose l + 5*c = p, -30 = -3*l + 4*c + c. What is the greatest common factor of l and 40?
10
Let p(r) = 3*r**2 - 25*r - 19. Let t be p(10). Calculate the highest common divisor of t and 5.
1
Suppose -20 = -4*o, -o = -5*n - 0*n + 175. Suppose -3*i = -2*b + 12, 2*b + 2*i = -i + 36. Calculate the highest common divisor of b and n.
12
Suppose -188*l + 185*l = -396. Calculate the greatest common factor of 176 and l.
44
Let t = -4418 - -4422. Let x = 21 - 11. Suppose -3*l + 8*l - x = 0. Calculate the highest common divisor of l and t.
2
Let f be (12/(-10))/(15/(-800)). Calculate the greatest common factor of f and 512.
64
Let c(x) = -x**3 - 10*x**2 - 13*x + 1. Let n be c(-9). Suppose 117 = -4*u + n. Let m be (u/6)/(1/(-3)). Calculate the highest common factor of 50 and m.
10
Suppose 288 = 3*f - 453. Calculate the greatest common factor of 19 and f.
19
Let i be 45/(-18) - (-4)/(24/5103). Calculate the highest common divisor of i and 53.
53
Suppose 2*b = -2*b + 20. Suppose b*y + 121 - 6 = 0. Let h = -15 - y. What is the greatest common factor of 24 and h?
8
Suppose -403 - 217 = -5*z. Calculate the greatest common factor of 930 and z.
62
Let d(c) = 2*c**2 + 6*c + 5. Let n be d(-3). Let h be (-18)/30 - 27/n. Let l be 7 + h + 46 + 1. What is the greatest common factor of 6 and l?
6
Suppose -5*v + 4*o + 966 = 0, 0*o - o + 186 = v. What is the highest common divisor of 76 and v?
38
Let v(s) = -s**3 + 27*s**2 - 149*s - 27. Let x be v(9). Let h be 54*(10/6 - 1). What is the highest common factor of h and x?
18
Let c be 3*(-2 - -3)/1*2. Calculate the greatest common factor of c and 21.
3
Suppose -5*s - 310 = -5*l, -3*s + 0 = -4*l + 251. Let k be 18 + (-2)/((8/(-10))/(-2)). What is the greatest common divisor of l and k?
13
Suppose 3*t - 5 - 1 = 0. Let f = 5 - t. Let c be 0 - 7*f*-5. What is the highest common factor of 21 and c?
21
Let z = -256 - -298. Calculate the greatest common divisor of 77 and z.
7
Suppose 40 = -h + 5*h. What is the highest common factor of 40 and h?
10
Suppose 3*i + 129 = 2*x, -x - 4 = i - 61. Calculate the highest common divisor of 60 and x.
60
Let o = 242 - -402. Calculate the highest common factor of o and 1449.
161
Suppose 3*z - 2 = 4, 4*a + 2*z - 36 = 0. Suppose -2*f = 3*o - 32, -2*o + 4*f = -0*f. What is the highest common factor of a and o?
8
Let m(c) = 14*c**2 + 30*c - 98. Let n(b) = 5*b**2 + 10*b - 33. Let a(y) = -6*m(y) + 17*n(y). Let v be a(9). What is the highest common divisor of v and 126?
18
Suppose 2*y = y + 3. Let i(m) = 14*m + 1 + 2 + 54*m + 9*m + 0. Let z be i(y). What is the greatest common divisor of z and 26?
26
Suppose c + 5*j = 242, 3*c - 132 = -5*j + 614. What is the highest common factor of c and 56?
28
Let i(h) = 2*h**3 - 14*h**2 + 9*h + 6. Let q be i(6). Let b be (-6)/q + (-9)/(-2). Suppose -3*u + 13 = -2. What is the highest common factor of b and u?
5
Suppose -2*x - 2*l + 18 = 0, x - 10 - 4 = -2*l. Suppose -x = n - 30. What is the greatest common factor of 26 and n?
26
Let w be -1 + ((-65)/(-15) + -4)*-3. Let s be ((-2)/3)/(w/39). Calculate the highest common divisor of 416 and s.
13
Let l = 59 - 33. Let p be 25*2*(l/10 + 1). What is the highest common divisor of p and 36?
36
Let n(z) = 7*z + 1. Let o be n(2). Let c be (-18)/(-4) + (-3)/(-2). Calculate the greatest common divisor of c and o.
3
Suppose 0 = -152*r + 159*r - 364. Calculate the greatest common factor of r and 28.
4
Let n(d) = -3*d**3 + 11*d**2 + 7*d - 8. Let g be n(4). Let p be -2 - (-5)/(10/8). What is the greatest common factor of g and p?
2
Let q(k) = -3*k**3 - 3*k - 2. Let h be q(-2).